 - 91. Suppose 12*m - 1790 = x*m. Is m a prime number?
True
Let p = 314 + -115. Let c = 492 + p. Is c a composite number?
False
Let v be (6 - 5) + (4 - (0 + 1)). Suppose 4*o + 1123 = 3*n, 2*n + v*o - o = 777. Is n prime?
False
Let b = 1038 + 362. Let c = -987 + b. Is c composite?
True
Let r be 7410/8 + (-5)/20. Suppose -4*k = 3*v - r, 0 = 2*k - 5*k - 3. Suppose -n - 2*z - 121 = -v, -2*z = -2*n + 366. Is n composite?
True
Suppose 2 = -d + 3*d. Suppose -339 - 681 = 12*t. Is (t/10)/(d/(-14)) composite?
True
Suppose y + 138 = 7*y. Is y/(-3)*(-11 + -10) composite?
True
Let a(t) be the second derivative of -2*t**3/3 - 25*t**2/2 + 9*t. Is a(-10) prime?
False
Let z = 1 + 2. Suppose 16 = -4*t, 2*q - z*t = -0*q + 330. Suppose 0*d - 3*d = -q. Is d a composite number?
False
Let l be (-3 - -7) + 2 + -1. Suppose l*s = 9*s - 20. Suppose -s*p = -2*p - 429. Is p a composite number?
True
Suppose -8 = 2*c - 6*c. Let n = 41 - 38. Suppose -c*w + 10885 = n*w. Is w composite?
True
Suppose -5 = 3*w + o, -3*o = 3*w - w - 6. Suppose 0 = -u + 3*u + 2. Is u*(-9)/(6 + w) a prime number?
True
Let n(c) = -276*c**2 + 3*c - 2. Let u(a) = a**2 + a - 1. Let d(q) = -n(q) + 3*u(q). Is d(-2) a composite number?
True
Suppose -2*q + 2 - 6 = 3*c, 2*c + 5 = q. Let t = 15 - -225. Let a = t - q. Is a a prime number?
True
Let v(z) be the second derivative of z**5/20 - 5*z**4/6 + 23*z**2/2 + 6*z. Is v(16) prime?
True
Let l be -1*1 - (-930 + -22). Is -1*l*(-6)/18 a composite number?
False
Let l(r) = 2*r**2 + 15*r - 79. Is l(12) a prime number?
True
Suppose 9*o - 12*o = -21. Let s = 7 - o. Suppose s = 5*y - y - 124. Is y composite?
False
Let b(z) = -z**2 + 21*z - 7. Let u be (1 - 14)*(-2 + 1). Is b(u) composite?
False
Is 1761 - -1 - (-9 + 12) a composite number?
False
Let b be 14 - (4 + -1)*1. Let v(f) = b - 2*f + 0*f - 3*f. Is v(-12) composite?
False
Suppose 5*h - 15329 = -5*c + 8426, 2*h - 23755 = -5*c. Is c a prime number?
True
Let n(u) = -12*u**2 + 17*u + 4. Let a be n(-5). Let b = -4 - a. Is b a composite number?
True
Let y = -7 + 9. Suppose -5*w - 2*c + 3947 = y*c, c - 1577 = -2*w. Is w a prime number?
True
Let c = 52468 - 3191. Is c prime?
True
Let m(n) = 2*n**2 - 2*n + 2. Let w be m(1). Suppose w*o - 4*y = 306, 5*o - 339 = -2*y + 486. Let q = o + -80. Is q a composite number?
False
Suppose -55 + 17 = -v. Suppose -v*f + 39*f = 125. Suppose 0*d = 5*d - f. Is d a prime number?
False
Let l = -24 + 28. Suppose 6*c = -l*c + 1210. Is c composite?
True
Let b = 362464 - 255267. Is b composite?
False
Suppose -5*j + 8*j - 64357 = -2*p, 0 = j - 5*p - 21458. Is j composite?
True
Suppose 1275*d - 150155 = 1270*d. Is d a composite number?
True
Suppose -2*m + 493 = -3443. Suppose -4899 = 6*s - 11*s - 2*o, 0 = -2*s + 2*o + m. Suppose -5*y + s = -74. Is y a prime number?
True
Let d = -3211 + 5474. Let q = d - 1518. Is q a prime number?
False
Let s(j) = -115*j + 33. Is s(-20) prime?
True
Let g = -31 - -19. Let m be (g/(-2))/(33/22). Suppose q - 1222 = -3*p, m*p - p = 3*q + 1242. Is p prime?
True
Let l(m) = -m**3 + 2*m**2 + m. Let w be l(-1). Suppose 0 = 2*j - w. Suppose -g + 148 = -j. Is g a composite number?
False
Suppose 2*w - 3*w + 5 = 0. Let x be 0 - w - -3 - -5. Suppose x*s = 7*s - 1036. Is s a composite number?
True
Let g(c) = -5*c**3 - 8*c**2 + 3*c - 4. Let r(m) = -4*m**3 - 8*m**2 + 4*m - 4. Let o(j) = -5*g(j) + 6*r(j). Let y be o(7). Is (-3812)/y*(-15)/6 composite?
False
Let k(o) = 175*o**2 + 32*o - 91. Is k(6) composite?
True
Let z = -1 - -1. Let w be z + (-11 + 3)/(-2). Suppose -1961 = -w*m - 381. Is m prime?
False
Suppose 0 = -5*j + 2*o + 18, 3*j - 10 = -0*j + 2*o. Suppose 3*b + b = j. Let k(n) = 251*n**2 + n + 1. Is k(b) a prime number?
False
Suppose -115655 = -8*d + 27233. Is d prime?
False
Let j = 46192 - 31889. Is j prime?
True
Let r(v) = v - 10. Let l(s) = 11 - 8 + 18 - 2*s + 8. Let n(b) = -4*l(b) - 11*r(b). Is n(-3) a composite number?
False
Suppose 14988 = 27*k - 15*k. Is k a prime number?
True
Let p = 28 + -26. Suppose p*b - 3*b = -2*h - 346, 0 = 2*h. Is b a composite number?
True
Let q(n) = -n**2 + 14*n + 3. Suppose 0 = g - 0*g + 58. Let r be (-2)/(-10) + g/(-10). Is q(r) a composite number?
True
Let a = -3426 + 10195. Is a composite?
True
Let r(z) = z**2 + 3*z - 3. Let i be r(-4). Suppose -5*l - 6 = -i. Is 4/(8/(-62))*l composite?
False
Suppose 4*o = 16 - 0. Let z(j) = -4*j**2 + j**3 - 66*j + 31*j + 37*j - 1. Is z(o) prime?
True
Let y(o) = -11*o**3 + o**2 + 1. Let s be y(-2). Let a = -56 + s. Is a a composite number?
False
Let n(t) = -t**2 + 7*t + 4. Let x(q) = q**2 - 6*q - 4. Let o(i) = 2*n(i) + 3*x(i). Let u be o(5). Is u/(1 - (-224)/(-226)) a prime number?
True
Let f(h) = -h**3 - 7*h**2 - 11. Suppose 2*x = 18 + 4. Let a = 3 - x. Is f(a) composite?
False
Let j(x) = -7*x + 12. Let v be j(0). Suppose v*s - 4852 = 8*s. Is s a composite number?
False
Suppose -3*m = f - 5*m - 2453, 2*f - m - 4897 = 0. Is f prime?
True
Let b = -1079 - -378. Let k = b - -365. Let t = k + 587. Is t a prime number?
True
Suppose 21*m - 18*m - 4*t = 156737, 0 = -2*m - 5*t + 104522. Is m composite?
True
Let l = -16 + 22. Suppose 4*b - 151 = -l*u + 3*u, b - 34 = 3*u. Let o = 1 + b. Is o a composite number?
True
Let m(a) = -a + 14. Let l be m(-11). Let t be 12/15 + 455/l. Suppose 0 = -4*h + t + 361. Is h prime?
False
Let l(r) = -6*r**2 + 5*r**2 + 5*r**2 - 26*r**3 - 2*r. Let c be l(-4). Suppose -4*b - 460 + c = 0. Is b prime?
False
Suppose 8*n - 6*n + 66 = 0. Let o = n + 56. Is o prime?
True
Let c(p) = -2*p + 11. Let a be c(3). Suppose 1028 = 2*v - 2*l, 3*l - 2579 + 33 = -a*v. Is v composite?
True
Let h(l) = 9*l**3 + 2*l**2 + l - 6. Let g be h(-6). Let y be (-4)/(-10) + g/10. Let n = -109 - y. Is n prime?
True
Suppose -2*d + 24 = 4*h, 0 = -4*d + 2*h + 4 + 4. Suppose -d*w = -4*i - 11744, 0 = -2*w - 2*w + 3*i + 11743. Is w a prime number?
False
Suppose 2*t - 844 = -2*a, 5*a + 1661 = -t + 5*t. Is t prime?
True
Suppose 5*b + 858 - 5068 = 0. Suppose 3*j + 138 - 147 = 3*k, 3*j = 5*k + 11. Suppose 0 = c - 2*w - 175 - 236, -j*c + b = w. Is c a composite number?
False
Is 10358/(9/378*12) a composite number?
True
Let m be -2 + 1 + 2 - -331. Let a = 987 - m. Is a a prime number?
False
Let o be -1*(1 + (-30)/5). Is 1182/30 + (-2)/o prime?
False
Let s = -18 + 49. Suppose -3*p + p = -q - 22, -s = -3*p + q. Is p a prime number?
False
Let s be 3 + 13 - -1*4. Suppose 0 = 4*k - 2*k + s. Is (-36)/(-20)*k/(-3) composite?
True
Let o = 12 + 173. Suppose -o = -4*m - m. Is m composite?
False
Let z(l) = 8*l - 5. Let g be z(-11). Let i = g - -197. Suppose 3*n + 11 = i. Is n a prime number?
True
Let k be 1*(-2)/(-2)*(-39 - -2). Let b = 72 + k. Is b prime?
False
Let k be (-5)/(0 - 1) - 4087. Let o = k + 7531. Is o a prime number?
True
Suppose 3*h - 4*k - 56497 = -0*k, 0 = -2*h + 3*k + 37663. Is h composite?
False
Let i(a) = a**3 + 8*a**2 + 8*a + 9. Let j be i(-7). Suppose 4*b - 4*s + 4 = 0, -b = 3*b + 2*s - 20. Is ((-8752)/(-24))/(j/b) a composite number?
False
Let c = -22 - -25. Suppose 5*b + 2168 = 3*n, -n - 195 = c*b - 913. Suppose 4411 = 4*f - n. Is f composite?
False
Let m(i) = -i**3 + 5*i**2 + 2. Let g be m(5). Suppose -4*o + 4*c + 2 = 10, g*c = 3*o + 1. Is (293/o)/((-1)/(-3)) composite?
False
Suppose 0 = 2*t - 7*t + 10. Suppose -5*s + 1576 = 3*w, -t*w + 2*s - 2595 = -7*w. Is w a composite number?
True
Let h(k) be the second derivative of k**4/12 - 2*k**3/3 - 3*k**2 + 3*k. Let m be h(9). Suppose l = f - m, 2*f - 4*l - 78 = -0*l. Is f prime?
False
Let h be -1 + (0 - 2) + 15. Suppose 2*l - 4*u - 462 = -0*l, h = -3*u. Is l a prime number?
True
Let o(s) = -s**3 + 5*s**2 + 12*s + 12. Let j be o(12). Let w = 1667 + j. Is w a composite number?
True
Suppose 0*q = -7*q + 21. Suppose -1550 = -q*f - h, 5*f = 5*h + 4213 - 1623. Is f a composite number?
True
Let c = 27903 + -12034. Is c a prime number?
False
Let d(b) = 3*b**2 + 4*b - 4. Let p(l) = -l**3 + 4*l**2 - 4*l + 3. Let i be p(2). Is d(i) a composite number?
True
Is 14 + -3 - 70188/(-3) a composite number?
True
Suppose -3 = -3*o, 0*o + 8 = l + 5*o. Suppose 2*r + 1139 = 3*u, -4*u + r = l*r - 1514. Is u a prime number?
True
Suppose 15 = -5*l, -2*p + 5*l = 3*p + 310. Let o be (4 - -789) + 0 + -1. Is o/5 + (-39)/p a composite number?
True
Let o(j) = j + 1. Let n(w) = -142*w - 3. Let x(z